?
False
Let f(u) = 18*u**2 - 3*u - 8. Is f(7) a prime number?
True
Suppose -z - z + 502 = 0. Is z prime?
True
Suppose 2*b = -6 - 2, 4*d - 4*b = 228. Is d a composite number?
False
Suppose -7*x + 5*x + 9122 = 0. Is x a prime number?
True
Suppose 5*q = 2*g + 13 + 19, 4*g + 44 = 5*q. Is 9/g*(-74)/3 a composite number?
False
Is (-382)/(-4)*(3 + -1) prime?
True
Suppose 4*l - 41 = s - 168, s + 5 = 0. Suppose n - 58 = 6. Let o = n + l. Is o a composite number?
False
Let q = 1218 - 697. Is q a composite number?
False
Suppose -d = -5*l + 810, 0*l + 3*l - 4*d - 469 = 0. Is l composite?
False
Suppose 1270 = 2*b - 324. Is b a prime number?
True
Suppose 4*y + y - 3245 = 0. Is y a prime number?
False
Suppose 0*t = -t. Let m(u) = u**2 - 8*u - 5. Let b be m(9). Suppose t = 3*c - b*c + 46. Is c a prime number?
False
Let m = -5 + 7. Suppose 0 = 5*v + d - 266, -4*v + 5*v - m*d - 51 = 0. Is v prime?
True
Let w(f) = 294*f**2 - 3*f - 2. Is w(-1) a prime number?
False
Suppose -2*k + 6*k = 48. Suppose -b - 2*b + k = 0. Is b composite?
True
Let a = 21 - 11. Let l(m) = -1 - 2 - a*m - 2. Is l(-4) composite?
True
Let r(p) = -p**3 - 6*p**2 + 7*p + 5. Let c be r(-7). Suppose -5*b + 6 = -w, 2*b + c + 61 = 4*w. Is w a prime number?
True
Let w(y) = 8*y**3 - 5*y**3 - 3*y**2 + 3*y - 2 + 2*y**3. Is w(3) composite?
True
Let k(d) = -8*d - 17. Let j be k(-12). Let z = j + -39. Let g = 49 + z. Is g a prime number?
True
Let d(v) = -2*v**2 - 6*v - 14. Let k be d(-10). Let t = -288 - k. Is (t/6)/(1/(-3)) a composite number?
False
Let u = 2 + 3. Suppose -5*k = -z + 339, -u*z - 1018 = -2*k - 2667. Is z prime?
False
Suppose 0 = -4*a + 20, g - 4*g + 40 = 5*a. Suppose b - 2*k = 134, 0 = -3*b - 3*k + g*k + 402. Is b prime?
False
Let m(z) = 3*z**2 - 3*z - 3. Let u(c) = -c - 5. Let r be u(-5). Suppose -f + 0 + 5 = r. Is m(f) a prime number?
False
Let z be -2*3/((-12)/10). Suppose 0 = 6*l - 4*l + 3*i - 299, 25 = -z*i. Is l a composite number?
False
Let h = -78 - -237. Is h a composite number?
True
Is -1 - (1 - (0 + 559)) composite?
False
Suppose 3*j + 884 = 7*j. Is j composite?
True
Let w = 1210 + -69. Is w a composite number?
True
Suppose -5*d = -4*a - 659, -2*d = -4*a - 186 - 80. Suppose -5*t + d = -2*t + 4*z, -4*z = 2*t - 94. Is t a prime number?
True
Suppose 79*f = 81*f - 6034. Is f composite?
True
Suppose -12 = -4*w + k, 0*k = -k - 4. Suppose -181 = -w*j + p, -3*j + p = -3*p - 279. Is j a composite number?
False
Let z(y) = -2*y - 5. Let k be z(-4). Is 14*k*1/6 a composite number?
False
Let s(p) = 10*p**2 - 5. Let i be s(-4). Let g = i - -146. Is g a prime number?
False
Suppose 3*j - 7 - 5 = 0. Let g be 4 - j - (-9 + 1). Suppose 0 = -4*o + g, -o = -2*w - w + 235. Is w composite?
False
Let m(f) = 110*f**2 + 4*f - 4. Let d be m(-4). Let b(c) = -c**2 + 29*c - 60. Let v be b(26). Is d/v + 2/6 prime?
True
Suppose l - 41 = 14. Is l a composite number?
True
Suppose 3*h = -i, 0*h + 4*i - 11 = -h. Let k be -4*((-15)/(-6) + h). Is ((-2)/k - 0)*93 prime?
True
Suppose -10 = -5*l, 2*r + 5*l - 9 = 9. Let d be (r/(-6))/(4/(-6)). Is d/4 - (-417)/12 composite?
True
Let w = -807 + 5400. Is w composite?
True
Let b be (15/10)/((-3)/908). Let k = b + 1239. Is k prime?
False
Let w(t) = -t**3 + 7*t**2 + 11*t - 16. Let y be w(8). Suppose 3*i - 226 = -s, -3*s = -s - y. Is i a composite number?
True
Let i(m) = 122*m - 4. Let g be i(4). Suppose 4*b = 8*b - g. Is b a prime number?
False
Let m(v) = 5*v**3 + 29*v**2 - 8*v + 17. Let o = 12 + -3. Let c(a) = -a**3 - 7*a**2 + 2*a - 4. Let x(t) = o*c(t) + 2*m(t). Is x(6) a prime number?
False
Let n(o) = -o**3 - 4*o**2 + o + 2. Let j be n(-4). Is j*(-1)/(-2) + 296 a prime number?
False
Let m = 8 - 5. Let k be m*10 + 0 + 1. Let h = 62 - k. Is h composite?
False
Suppose 0 = 4*i + 10 + 98. Let c = i + 11. Let f = -9 - c. Is f a prime number?
True
Suppose 0 = 2*w + 53 - 583. Is w composite?
True
Let o = 2231 - 1378. Is o composite?
False
Is 2 + 48*9/6 composite?
True
Suppose 5*o = 3 + 2. Let p be (-3 - -4)*(o - -4). Suppose p*r - i = 56 + 113, -2*i = 5*r - 172. Is r a composite number?
True
Suppose -3*i + 17 = -7. Is i/20 - 426/(-10) a prime number?
True
Let r(j) = -62*j + 4. Let i be r(-3). Suppose 5*q - 15 = i. Suppose s + 3 = q. Is s prime?
False
Let v = 8 + 2. Let p be (-1)/(-1)*(v + -7). Suppose 0 = -p*h - 3 + 48. Is h composite?
True
Suppose -5*q + 1248 + 997 = 0. Is q composite?
False
Let p = -5 + 0. Let z be 2/p - (-37208)/20. Is z/50 - (-1)/(-5) prime?
True
Suppose 3*n + 30 = -2*n. Let z be (-954)/8 + n/(-24). Is (3 + -6)*z/3 a composite number?
True
Let v = 3 + -1. Suppose b - 33 = v*h, -5 + 26 = -h - 4*b. Let i = 48 - h. Is i a prime number?
False
Let f be 9*3 + -7 + 10. Suppose 0 = 4*b + 98 + f. Is 4/(-4)*(b - -1) composite?
False
Suppose -4*o = 5*j - 113, -31 = -2*o - 4*j + 21. Suppose o + 60 = 4*y. Is y composite?
False
Let c(p) = -4*p**2 - 4*p + 1. Let d be c(-9). Let w = 402 + d. Is w a prime number?
False
Let w = -351 - -916. Is w prime?
False
Suppose 5*l - 9 = 4*l. Suppose -3*p - l = 0, 5*n + 223 = -4*p + 836. Suppose 3*a - 2*f + 0*f = n, 0 = 2*a + 4*f - 62. Is a a composite number?
True
Let o(r) = 27*r**2 + 2*r + 1. Let k be o(-1). Is 14/91 + 12918/k a composite number?
True
Suppose 14 = 3*w + 2*f, 2*w + f - 12 = -3*f. Suppose -w*a = -2*u - 842, -2*a = -2*u - 3*u - 417. Is a prime?
True
Let j(f) = 73*f + 45. Is j(26) composite?
True
Suppose g - 295 = 2*l, 2*g - 3*l - 591 = 2*l. Is g composite?
False
Let x = 46 + -13. Is x a prime number?
False
Let s = 11 - 6. Suppose -247 = -b - y, s*b - b = y + 1008. Is b prime?
True
Let r = 808 + -515. Is r prime?
True
Let t(m) = 5 - m + 2 + m**2 - 3*m**2. Let z(d) = -d**2. Let x(y) = -t(y) + z(y). Is x(-5) prime?
True
Let f(i) = 4*i**3 + 5*i**2 - 7*i - 8. Let v(r) = -r**3 + 1. Let c(q) = f(q) + 3*v(q). Let h be c(-6). Is 49/1 + (h - 3) prime?
True
Suppose -4*w = -5*i + 11, 3*i - 4*w = -1 + 6. Let h(k) = 7*k**2 - 2*k + 2. Is h(i) a prime number?
True
Let j = 1245 - 743. Let i = j - 245. Is i composite?
False
Suppose -3*s - 901 = -4*s. Is s a prime number?
False
Suppose -3*n = g - 134, 0 = 4*g + 3*n - 138 - 416. Suppose 5 = c, 4*c + 36 = 4*m - g. Let p = 128 - m. Is p a prime number?
True
Let x = 88 - -27. Suppose -2*d = 3*d - x. Let g = d + 14. Is g a composite number?
False
Let l(i) = -4 + 2 + 59*i + 4. Let p be l(4). Suppose a = -a + p. Is a a prime number?
False
Let b(j) = 2*j**3 - 4*j**2 - j - 3. Let w be b(-6). Let s = 1070 + w. Is s composite?
True
Let q(v) = -v**2 + 10*v + 7. Let t be q(11). Let h = 7 - t. Is h a prime number?
True
Suppose 3*r = r - 36. Suppose -5 = -2*n + 57. Let o = r + n. Is o a prime number?
True
Let w(n) = 2*n**3 + 2*n**2 + 4*n + 1. Is w(4) composite?
True
Let h be 2*(-1 - (-7)/2). Is 75/(-6)*(-4)/h prime?
False
Let t = 913 + -620. Is t a prime number?
True
Let h(r) = 4*r**2 - r - 2. Is h(3) a composite number?
False
Suppose 8*p = -3*u + 3*p + 450, 0 = 5*u - 4*p - 713. Is u composite?
True
Suppose -x + 7 = -9. Suppose -x = -2*u + 4*l, -l + 0*l = -1. Is u a prime number?
False
Let p be 16/12*(-6)/(-4). Suppose -5*c + p*x = -25, -3*c + 13 = 3*x - 2. Suppose -5*f + 4*k + 113 = 0, 2*f - c*k = -3*k + 46. Is f a composite number?
True
Suppose 2*w - 1366 = u, -4*w + 2255 + 449 = 5*u. Is w composite?
True
Let u(v) = v**3 + 3*v**2 + 4*v + 3. Let q be u(-2). Is 65 - q - 3/3 composite?
True
Let i = 14 - 16. Let l(p) = 73*p - 1. Let c be l(-1). Is (i/4)/(1/c) composite?
False
Let j(r) = -r**2 - 9*r - 12. Let h be j(-7). Suppose -7*o + 415 = -h*o. Is o composite?
False
Suppose -2*d = 3*k - 5*d - 9, -5*d + 27 = k. Let r be k/2 - 2/4. Suppose -r*m = m - 332. Is m a prime number?
True
Suppose 0 = 3*y - 4*f - 6, 3*y - 3*f + 2*f - 15 = 0. Suppose -4*h + 98 = -y*h. Let d = -12 - h. Is d composite?
False
Let m = 5 - 3. Suppose m*g = -g - 240. Let a = -31 - g. Is a a prime number?
False
Let d(i) = i**3 + 7*i**2 - i + 4. Suppose 2*n + 6 = 4*y - 0*y, -2*n - 3*y - 13 = 0. Is d(n) composite?
False
Suppose q - 5*k = 3059, 0 = -3*q + 3*k + 3020 + 6133. Is q a prime number?
True
Suppose 2*o + 8295 = 5*w, -3*o + 6613 = -3*w + 7*w. Is w a prime number?
True
Let j be (28/6)/(4/1590). Suppose -2*a = -7*a + j. Is a a composite number?
True
Is (-4)/((-4)/(-17))*-5 a composite number?
True
Let y = 10 - 8. Suppose y*q - 4*q - 1